pose 10*k = 6*k + 872. What is the remainder when k/6 + 16/24 is divided by i?
7
Let n = -138 + 158. Calculate the remainder when 131 is divided by n.
11
Let z(v) = 2*v - 4. Let s be z(13). What is the remainder when 964/s - (-3)/(99/6) is divided by (-4)/14 + (-326)/(-14)?
21
Calculate the remainder when ((-72)/(-42))/(2/154) is divided by 27.
24
Let c = 1613 - 1533. What is the remainder when 215 is divided by c?
55
Suppose -740 = 195*o - 200*o. Calculate the remainder when o is divided by 145.
3
Suppose -3*a - 5 + 20 = 0. Suppose -a*b - 48 + 163 = 0. What is the remainder when b is divided by 9?
5
Let u be 0/(0 + (-3 - -4)). Suppose u = -5*c + 2*l + 110, 0 = 4*c - 2*l - 3*l - 71. What is the remainder when c is divided by 14?
10
Let z = 8 - -6. What is the remainder when z/42 + (-86)/(-3) is divided by 5?
4
What is the remainder when (-18)/(-54) + 194/3 + -1 is divided by 20?
4
Suppose -i - 29*r + 28*r + 1133 = 0, -3409 = -3*i - r. Calculate the remainder when i is divided by 67.
66
What is the remainder when 172/2 - 8 - -4 is divided by 42?
40
Suppose 1068 = 3*y + 3*k, -3*y + 2*k = -300 - 748. Let v = y + -249. Let p = v + -59. What is the remainder when p is divided by 15?
14
Suppose -i = 4*y - 352, 7*i - 6*i = -2*y + 176. Calculate the remainder when y is divided by 10.
8
Suppose -349*o = -357*o + 1264. Calculate the remainder when o is divided by 43.
29
Let z(c) = c**3 + 7*c**2 + 5*c + 4. What is the remainder when 32 is divided by z(-3)?
7
Suppose 254 - 80 = 3*h. Suppose 0 = -3*f + 3*p + 51, -5*f + p - 1 = -98. What is the remainder when h is divided by f?
18
Suppose -5*w + 27 - 7 = 0. Let d be -4 + (80/(-30))/(1/3). What is the remainder when (-1*2)/(d/(-24)) - -8 is divided by w?
0
Let r = 73 - 88. Let u(s) = s**3 + 15*s**2 + s + 29. What is the remainder when 54 is divided by u(r)?
12
Suppose 0 = 3*m + 4 - 10. Suppose 0 = 2*t + 3*t - 2*i - 82, m*i + 10 = t. Suppose 5*z - t = 47. What is the remainder when z is divided by 5?
3
Suppose 2*u - 18 = 16. Let v = -137 + 169. Calculate the remainder when v is divided by u.
15
Let d = 17 + -25. Suppose -3*m - 3*w = -6*w - 78, -m - 4*w + 1 = 0. Calculate the remainder when m is divided by (11/(-4))/(2/d).
10
Suppose -5 = 5*s, -4*d + 15 - 6 = -5*s. Suppose -2*m - 3*q - 1 = 0, -7 = -m + 5*q - 1. Calculate the remainder when m is divided by d.
0
Let f = -23 + 34. Let y(x) = 5*x - 48. Suppose -2*k = -3*p - 29, -4*p - 17 = -k - 0*p. What is the remainder when k is divided by y(f)?
6
Let j = 539 - 502. What is the remainder when 183 is divided by j?
35
Suppose -30*r - 10*r = -1720. Calculate the remainder when 110 is divided by r.
24
Let m(p) = p**3 + 33*p**2 + 78. What is the remainder when 306 is divided by m(-33)?
72
Suppose -a - 4*b + 141 = 43, -b = 4*a - 362. Calculate the remainder when a is divided by 12.
6
Let c = -208 - -352. Let g(q) = -q**3 + 8*q**2 + 3*q - 3. Calculate the remainder when c is divided by g(8).
18
Let y(o) = -5*o**3 + 2*o**2 + 2. Let n be y(2). Let m = -15 - n. Let x = -1121 - -1149. Calculate the remainder when x is divided by m.
13
Let x(t) = 10*t + 4. Let c(r) = 11*r + 5. Let d(z) = -4*c(z) + 5*x(z). What is the remainder when d(5) is divided by (-4)/6*(-33)/2?
8
Suppose 4*u = -i + 52 + 329, 5*i + 5*u = 1860. Calculate the remainder when i is divided by 29.
21
Let t = 44 + -39. Calculate the remainder when 11 is divided by t.
1
Let h(a) = -3*a - 4. Let v be h(-2). Suppose v*m + 20 = 7*m. What is the remainder when 30 is divided by m?
2
Let o = 34 + -33. Calculate the remainder when (-1)/(-3) - (-166)/6 is divided by (o + 3)/(4/15).
13
Suppose 33*p - 38*p + 171 = 2*n, -3*n - 2*p + 284 = 0. Calculate the remainder when n is divided by 27.
17
Let x = -5 + 5. Suppose -5*s + 5 = -3*p, -2*p - 3*p - 5*s + 45 = x. Suppose 2*m + 5*w - 12 - 9 = 0, p = -w. What is the remainder when 44 is divided by m?
21
Let r be (-1)/((-6)/7 + 1). Let y be (-16)/56 - 79/r. Let c(v) = -v**2 + 10*v + 16. Calculate the remainder when 15 is divided by c(y).
0
Suppose 3*r + 7*a - 891 = 4*a, 2*r = a + 603. Suppose 3*d - 62 = -n + 174, 4*d - r = -5*n. Calculate the remainder when d is divided by 14.
10
Let k = -18 + 27. Let i(j) = j - 4. Let v be i(-11). Let m = k - v. Calculate the remainder when m is divided by 13.
11
Let q be (1/(24/6))/(2/152). Suppose w - q = -10. What is the remainder when 16 is divided by w?
7
Suppose -26 = -4*f - r, -3*f - 2*f = -2*r - 39. Let a = -18 + -51. Let p = a + 103. Calculate the remainder when p is divided by f.
6
Let a = -1147 - -1153. Suppose 8 = 5*l - 22. Suppose 0 = -f + l + 15. Calculate the remainder when f is divided by a.
3
Suppose -26*w + 444 = -466. Calculate the remainder when w is divided by 18.
17
Suppose -7*x + 2*x - 20 = 0, -4*x = -5*r + 1686. What is the remainder when r is divided by 87?
73
Let h be 4 + 0/(-4 - -5). Suppose -b + 69 = h*w - 98, 5*w = -5*b + 205. Calculate the remainder when 81 is divided by w.
39
Let w = 22 + -24. What is the remainder when 97 is divided by (w + 1)*182/(-13)?
13
Let z be 140/(-6) + 46/(-69). What is the remainder when (-9)/((3/60)/(z/45)) is divided by 9?
6
Let w = 13 - -34. Calculate the remainder when w is divided by 12.
11
Suppose 2*l - 5*m = 803, 5*m - 3*m = -2. Calculate the remainder when l is divided by 45.
39
Suppose -7*j + 3*j = -5*t + 6, 5*j + 5 = 5*t. Let u be -4 + (1 - 1 - t). What is the remainder when 58 is divided by (u/4)/(2/(-20))?
13
Let w be 26/14 + (-2)/(-14). Suppose 7*r = w*r, -4*s - r = -244. Let y = -33 + s. Calculate the remainder when 81 is divided by y.
25
Suppose -55*v + 347*v = 18396. Calculate the remainder when v is divided by 2/(-3)*(-48)/1.
31
Let o be 2/(-7) + 1122/7. Let b = o + -42. What is the remainder when b is divided by 20?
18
Let c be (6/(-4))/((-27)/180). What is the remainder when 8/(-28) - (-284)/14 is divided by (-6)/c + 406/35?
9
Suppose 3*j + 2*y - 20 = 1, 4*j - 28 = 2*y. Suppose -j*g = -10*g. Suppose g = -6*h + 8*h - 10. Calculate the remainder when 29 is divided by h.
4
Let k = -294 - -359. Calculate the remainder when k is divided by 6.
5
Suppose 13*z - 82 = 9*z - c, 0 = 5*z + 4*c - 108. Suppose 5*b - z = 0, -5*b = 3*t - t - 226. Calculate the remainder when t is divided by (78/(-4))/(6/(-8)).
25
Suppose -198 = -128*f + 125*f. Calculate the remainder when 194 is divided by f.
62
Let x = 772 + -507. Calculate the remainder when x is divided by 67.
64
Suppose l = -4 + 9, 14 = p - 5*l. What is the remainder when p is divided by -1*2 - (-46)/2?
18
Let u(w) = 59*w**2 + 29*w - 4. Let q(x) = -20*x**2 - 10*x + 1. Let a(d) = 11*q(d) + 4*u(d). Calculate the remainder when 28 is divided by a(1).
11
Let l(w) = -w**3 + 13*w**2 - 17*w + 6. Calculate the remainder when l(9) is divided by 36.
33
Let d = -12 + 24. Let n = 104 - 59. Calculate the remainder when n is divided by d.
9
Let l = 1 - -5. Let f(t) = 3*t**2 - 2*t. Calculate the remainder when f(l) is divided by 2 + 33 + 2 + -4.
30
Suppose 30 = t - 3*t. Let m = t - -20. Let g = -25 + 44. What is the remainder when g is divided by m?
4
What is the remainder when (279*2/3)/2 is divided by 23 + 0 - (3 + 8/(-2))?
21
Let t(i) = 5*i - 40. Let r be t(9). Suppose 18 = k - r*v, 3*k - 98 - 12 = v. Calculate the remainder when 150 is divided by k.
36
Let o(z) = -z**2 + 15*z + 22. Calculate the remainder when 124 is divided by o(16).
4
Let g = -160 + 219. Calculate the remainder when g is divided by 442/39 - 4/(-6).
11
Suppose 2*k - 5 = -5*f, -k + f - 1 = -0. Suppose 2*a - 196 + 6 = k. What is the remainder when a is divided by 32?
31
Suppose -2*p + j + 83 = 0, -201 = -4*p - j - 4*j. Suppose 0 = -t + 3 + p. Calculate the remainder when t is divided by 16.
15
Let y = -11 + 36. Suppose 0 = -2*a - p + 243, -4*p + 209 = -3*a + 579. Calculate the remainder when a is divided by y.
22
Let k(h) = -4*h**3 + 153*h**2 + 124*h - 251. Suppose -r + 420 = 4*r. What is the remainder when r is divided by k(39)?
18
Suppose 108 = -3*q + d, 0 = -5*d + d - 12. Let h be q/(-1) + 8/(-4). Suppose -9 = -4*t + h. Calculate the remainder when 42 is divided by t.
9
Suppose -259*d + 325 = -254*d. Suppose 0*w + 136 = 4*w. What is the remainder when d is divided by w?
31
Let y be 32/40*10/4. Suppose 2*h = 5*h - 5*d, -y*d = -3*h + 9. Suppose 0*z + 4*w + 28 = 2*z, 0 =